(0 + -1)*14. Let l(o) = -2*o**3 + 13*o**2 + 8*o - 1. Determine l(b).
6
Let n(h) be the first derivative of h**3/3 + 5*h**2/2 + h - 557. Give n(-2).
-5
Let c(i) be the third derivative of i**5/30 + i**4/12 - i**3/6 - i**2 - 34*i. Let s be (-8)/((-8)/(-4)) - -2. What is c(s)?
3
Let z(r) = 20*r**3 + 35*r**2 + 24*r - 39. Let j(m) = -9*m**3 - 17*m**2 - 12*m + 18. Let t(s) = -9*j(s) - 4*z(s). Determine t(-12).
-6
Let k = -80 - -78. Let r(t) = 11*t**2 - t - 1. Calculate r(k).
45
Suppose 4*q + 3 = -2*d + 1, 4*q + 8 = 0. Suppose -16*z + 0*z = -80. Let y(j) = 2*j**2 - j**d - j**2 + 0 + z*j + 4 - 5*j**2. Determine y(-5).
4
Let s = -166 + 175. Let m(b) = -17*b + s*b - b**2 + 9*b. Determine m(2).
-2
Let z = 901 + -894. Let j(b) be the third derivative of -b**4/24 + b**3/2 + 3*b**2. Give j(z).
-4
Let t = 5 - 2. Let x(c) = -t*c - 7 + 4 + c + 3*c. Give x(-5).
-8
Let l(p) = 2*p - 11. Let t = 33 + -24. Give l(t).
7
Let g(z) = z**2 - 9*z - 3. Let n be 148/14 + ((-315)/(-49) - 6). Determine g(n).
19
Suppose -23 = -4*c - 5*d, 7*d = 5*c + 2*d + 5. Let s(b) be the first derivative of -1/3*b**3 + 1 + 1/2*b**c - 11*b. Determine s(0).
-11
Suppose -13 - 41 = 3*o. Let s = -21 - o. Let g(b) = 5*b + 4. Determine g(s).
-11
Suppose x + 39 = 29. Let d = 4 + x. Let k(s) = -s**3 - 3*s**2 - 4*s. Let f(c) = c**3 + 2*c**2 + 5*c. Let b(y) = -3*f(y) - 4*k(y). What is b(d)?
-6
Let o(m) = m - 15. Suppose 6*x + 3 = -9. Let v = x + 16. Calculate o(v).
-1
Let n(a) be the third derivative of a**6/120 + 7*a**5/60 - 5*a**4/12 + a**3/6 + a**2 - 29*a. Give n(-8).
17
Let y(s) be the third derivative of -s**4/24 - 7*s**2. Calculate y(-8).
8
Let d(k) be the second derivative of k**5/20 + k**4/12 - 2*k**3/3 - 3*k**2/2 - 46*k. Let y be ((-3)/1)/((-12)/(-8)). Determine d(y).
1
Suppose -59*m - 3*w = -54*m + 26, -4*w = 5*m + 28. Let o(d) be the second derivative of d**4/12 + d**3/2 + d**2/2 + 4*d. Give o(m).
5
Let u = 464 + -457. Let m(v) be the second derivative of -v**3/6 + 3*v**2 + 2*v. Give m(u).
-1
Suppose 5 = -p + 17*l - 15*l, p - 1 = -l. Let f(t) = -17*t**3 - t**2 - 2*t - 1. Calculate f(p).
17
Let n(c) = -4*c**2 + 26*c + 21. Let d(v) = v**2 - 7*v - 5. Let u(p) = 3*d(p) + n(p). Suppose 2*y - 8 = 4*i, -4*y - i + 23 = -2. Determine u(y).
0
Let l(j) = -j**2 + 4*j + 4. Suppose -5*z = -3*m + 11, 3*z + 2 = -1. Suppose m*g - 3*g + 23 = -4*k, 0 = -g + 2*k + 13. Suppose -t + 8 = g. Determine l(t).
-1
Let p = 50 + -20. Suppose p = 5*g + 3*k + k, 0 = 4*g - k - 24. Let a(s) = s**3 - 5*s**2 - 5*s + 1. What is a(g)?
7
Let c(j) = -5*j - 4. Suppose 2*w - 151 = -165. Give c(w).
31
Let v be ((-5)/(-20)*-2)/(1/(-6)). Let y(f) = -2 + v + 4*f**2 + 7*f**2. Determine y(-1).
12
Let n(u) = -5*u - 19*u - 15 - u**2 + 23*u. Calculate n(0).
-15
Let w(m) = m**2 + 10*m + 8. Let j = 122 - 143. Let i be (-4)/(-5)*(-7 - j/(-7)). Calculate w(i).
-8
Let j(d) = -d**2 - 4*d - 5. Let s be j(-3). Let u be 2/(4/(-6)) + s + 9. Let y(a) = -a**2 + 2*a + 0*a**2 + 7 - 3. Determine y(u).
-4
Let u be (-43)/4 - (-1)/(-4). Let b = u - -15. Let a(j) = j**2 - 6*j + 1. Determine a(b).
-7
Let a(g) be the second derivative of 13*g**3/6 - g**2/2 - 475*g. Suppose 0 = x - 3*y - 7, -5*y - 4 = -2*x + 8. Calculate a(x).
12
Let x(o) = -8 + 7 - 2 - 12*o. Determine x(-2).
21
Suppose -2 - 3 = -5*r. Let d(x) = -r + x + 5 + 3 + 0. Suppose 12 = -4*c + 4*z, 0*c = -5*c + z - 27. Give d(c).
1
Let a(l) = -25*l. Suppose o = -3*d - 16, 3*o + 26 = 2*o - 5*d. Calculate a(o).
25
Suppose 1 = -5*g + 11. Let o(u) = 6*u**3 - 18*u**3 - u - u**2 + 11*u**3. Let a(p) = -6*p**3 - 6*p**2 - 5*p. Let y(d) = g*a(d) - 11*o(d). Calculate y(1).
-1
Suppose 4 - 9 = 5*r. Let c = r - -4. Let w(k) be the first derivative of -k**2 + 2*k - 2. Calculate w(c).
-4
Let t(i) = -i**3 + 8*i**2 - 3*i + 2. Let g(x) = -2*x**3 + 8*x**2 - 4*x + 1. Let h(p) = -2*g(p) + 3*t(p). What is h(-8)?
12
Let s be 2/10 + 58/10. Let t = s + 4. Let g(f) = f - 5 + t + 6. What is g(0)?
11
Suppose -15*h - 42 - 48 = 0. Let u(w) be the second derivative of w**5/120 - w**3/3 + w. Let n(p) be the second derivative of u(p). What is n(h)?
-6
Let c(k) = k**2 - 8*k - 12. Let t be (-4)/(11/44*(-16)/9). Determine c(t).
-3
Let t(q) = -1 + 1 + q. Let s = -80 - -75. Let j be 10/2*(-4 + (-23)/s). Determine t(j).
3
Let z(p) = -37*p + 13. Let b(l) = -9*l + 3. Suppose 6*r - 343 + 127 = 0. Suppose -x + 5*x - r = 0. Let m(o) = x*b(o) - 2*z(o). Give m(-1).
8
Let b(o) = 5*o + 3. Suppose 5*k + 1 = -4. Let q(l) = -11*l + 15. Let g(i) = 5*i - 7. Let t(h) = -13*g(h) - 6*q(h). Let d(u) = k*b(u) + 4*t(u). Calculate d(1).
0
Let v(u) = -6 + u**3 + 4398*u**2 - 4396*u**2 - 10*u + 3*u. Determine v(-3).
6
Let r(w) be the second derivative of -w**4/12 - w**3/6 + 3*w**2 - 614*w. Give r(-3).
0
Let q(b) be the first derivative of -1 - 3*b + 3/2*b**2 - 4/3*b**3. Let v be (33 + -34)/(1/(-2)). Calculate q(v).
-13
Suppose 8*u - 21 - 67 = 0. Let w(d) = -d**3 + 13*d**2 - 20*d - 6. What is w(u)?
16
Let u(l) = -l - 7. Suppose 0 = 4*v - 2*a + 30, 2*a - 10 = v + 5. Calculate u(v).
-2
Let l(t) be the third derivative of -t**5/60 + 5*t**4/12 + 4*t**3 - 231*t**2. Determine l(12).
0
Suppose -2*y = -1 - 3. Suppose y*f = -3*f + 95. Suppose -4*t + 35 = -0*t - 5*i, -2*t + 3*i + f = 0. Let x(q) = -q**2 + 2*q + 5. Determine x(t).
-10
Let n(q) = q**3 + 5*q**2 + 3*q - 3. Suppose 0 = -2*z + 2*a + 2, -6*a + 3*a = 5*z + 19. Let v be n(z). Let d(x) = x**3 - 2*x**2 - 3*x + 1. Determine d(v).
1
Let y(q) = q**2 - 4*q - 4. Let f(v) = 5*v**2 - 19*v - 19. Let s(x) = 2*f(x) - 11*y(x). Let d = -1017 - -1023. Determine s(d).
6
Let q = -37 + 59. Suppose 2*v + q = 4*h - 0*v, -3*h - 3*v + 3 = 0. Suppose -15 = -h*y + 9*y. Let g(i) = 3*i + 3. Give g(y).
-6
Let x be (-22)/3 + -2 - 8/12. Let g(v) = -v**3 - 9*v**2 + 8*v - 23. Let h be g(x). Let k(c) = c**2 + 3*c + 3. Give k(h).
3
Suppose -5*c + 5*j - 17 + 2 = 0, 15 = -2*c + 5*j. Suppose c = -6*x + 43 - 13. Let t(b) = b - 5. Determine t(x).
0
Let u(g) = -2*g - 7. Suppose 5*p = -4*d + 7*p - 14, 0 = -5*p - 25. What is u(d)?
5
Let s(d) = d - 1. Let j(n) be the third derivative of -n**6/120 - 7*n**5/60 - 2*n**3/3 + 2*n**2. Let y be j(-7). Let g = 6 + y. Calculate s(g).
1
Suppose 0 = s - 1 - 2. Suppose -53 = 4*c - 5*z, 3*c - 2*z = s*z - 46. Let a(w) = -w + 1. Give a(c).
8
Let h(n) = n**2 - 37*n - 20*n - 36*n - 9 + 88*n. Give h(6).
-3
Let i(a) = 8*a - 6. Let t(m) = -25*m + 20. Let y(l) = 10*i(l) + 3*t(l). Let w be (-2)/9 + (-7)/9. Calculate y(w).
-5
Let r(q) = -q - 1. Let o(p) = p**2 - p - 2. Let g be o(3). Suppose 12 = -2*n - g*z, 4*n - 9 = 3*z + 22. Suppose 4*a = 6*a + n. What is r(a)?
1
Let y(i) be the second derivative of i**4/12 + 4*i**3/3 + 3*i**2 + 4*i - 9. Calculate y(-6).
-6
Let n = -607 - -628. Let x(k) = -k**3 + 20*k**2 + 21*k + 10. Determine x(n).
10
Suppose 0*m + 3*m - 51 = 0. Let g be 1/1 + m + -1. Suppose r - g = -11. Let s(q) = q**2 - 6*q - 3. Give s(r).
-3
Let j = -642 - -642. Let u(i) be the second derivative of j - 7*i + 1/2*i**2 - 4/3*i**3. Determine u(-1).
9
Let n(i) = i**3 + 5*i**2 + 6*i. Let d be n(-4). Let a(k) be the first derivative of k**4/4 + 7*k**3/3 - 3*k**2 + 11*k - 88. What is a(d)?
-5
Let n(z) be the third derivative of z**8/20160 - z**6/80 - 7*z**5/60 - 3*z**2. Let r(p) be the third derivative of n(p). Let i = 3 + -3. Calculate r(i).
-9
Let l(z) = 3*z**2 - z - 1. Let m(b) = b**2 - b**3 + 1 - b**3 - 2 + b. Let s = 148 - 147. Let v be m(s). Determine l(v).
3
Suppose 2*x - m = 62, 4*m = -4*x - m + 110. Let p = x - 24. Suppose p*r - r = -25. Let b(l) = -l - 7. Calculate b(r).
-2
Let t(h) = -h**3 - h**2 - 4*h + 1. Let c = 1495 - 1492. Give t(c).
-47
Suppose 15*s = -14 + 164. Let v(w) = 3*w - 5. Calculate v(s).
25
Let p(z) be the third derivative of 7/24*z**4 + 0*z + 4*z**2 + 0 + 1/12*z**5 - 3/2*z**3 - 1/120*z**6. Calculate p(6).
-3
Let p be 6*((-6)/(-30) + 28/(-40)). Let w(v) = 0 - 5 - 3*v + 1. Give w(p).
5
Let l(o) be the third derivative of o**6/60 + o**5/15 + o**4/6 + o**3/2 - 19*o**2. Let q be l(-2). Let i(t) = t**3 + 4*t**2 - 6*t - 1. Give i(q).
4
Suppose c + 18 = 3*q, -2*q - 34 = 3*c - 7*q. Let p be ((-7)/((-14)/c))/(3/2). Let b(h) = -15*h. What is b(p)?
15
Let f(p) be the third derivative of 5*p**4/24 + 13*p**3/6 - 16*p**2. Let r(g) = -3*g - 7. Let v(d) = -6*f(d) - 11*r(d). What is v(1)?
2
Let t = -68 + 68. Let n(m)